{"id":802,"date":"2023-09-18T14:56:28","date_gmt":"2023-09-18T14:56:28","guid":{"rendered":"https:\/\/www.wiprechtsgarten.de\/?post_type=product&#038;p=802"},"modified":"2023-09-21T21:32:08","modified_gmt":"2023-09-21T21:32:08","slug":"wildblumen-graeser-und-kraeuterkalender-fuer-den-landkreis-leipzig-mit-samentueten-box","status":"publish","type":"product","link":"https:\/\/www.wiprechtsgarten.de\/index.php\/produkt\/wildblumen-graeser-und-kraeuterkalender-fuer-den-landkreis-leipzig-mit-samentueten-box\/","title":{"rendered":"Wildblumen-, Gr\u00e4ser- und Kr\u00e4uterkalender f\u00fcr den Landkreis Leipzig mit Sament\u00fcten Box"},"content":{"rendered":"<p>Dieser Kalender ist ein ewiger Kalender f\u00fcr die Wand, er gilt Jahr f\u00fcr Jahr von neuem und l\u00e4\u00dft Sie garantiert auch jedes Jahr neue Details im jeweiligen Kalendermonat entdecken. Jeder Monat ist einer Person gewidmet, die im Landkreis Leipzig ihre Spuren hinterlasssen haben. Phillip Melanchthon und seine Birnengeschichte am Hof des s\u00e4chsischen K\u00f6nigs im Januar, Joachim Ringelnatz und das Variet\u00e9 im Februar, Katharina von Bora und die Frauenrechte im M\u00e4rz, kuriose Geschichten rund um Joachim Heinrich Linck im April usw. Dazu kommen zw\u00f6lf Sament\u00fcten in einer zeitlosen Sament\u00fcten Box.<\/p>\n<ul>\n<li><strong>Januar: Phillip Melanchthon<\/strong> \u2013 Arzneipflanzen unter den Wildkr\u00e4utern.<\/li>\n<li><strong>Februar: Joachim Ringelnatz<\/strong> \u2013 Blumen auf der Biergartenwiese.<\/li>\n<li><strong>M\u00e4rz: Katharina von Bora<\/strong> \u2013 Pflanzen, die auch M\u00e4dchennamen sein k\u00f6nnen.<\/li>\n<li><strong>April: Joachim Heinrich Linck<\/strong> \u2013 Kuriose Pflanzen wie das Seifenkraut.<\/li>\n<li><strong>Mai: Moritz von Sachsen<\/strong> \u2013 Blumen der Macht<\/li>\n<li><strong>Juni: Hieronymus Lotter<\/strong> \u2013 Blumen f\u00fcr den Pflanzk\u00fcbel oder den Balkon.<\/li>\n<li><strong>Juli: Benedikte Naubert <\/strong>M\u00e4rchenblumenmischung<\/li>\n<li><strong>August: Kunigunde von Orlam\u00fcnde <\/strong>&#8211;\u00a0 Trauerblumenmischung<\/li>\n<li><strong>September: <\/strong>Der heilige Jakob: Blumen f\u00fcr den Wegesrand<\/li>\n<li><strong>Oktober: <\/strong>M\u00fchlgraben und Pflanzen, die es nass m\u00f6gen<\/li>\n<li><strong>November: <\/strong>Blumenmischung gegen Hexen und b\u00f6se Geister<\/li>\n<li><strong>Dezember: <\/strong>Georgius Agricola &#8211; Pionierpflanzen f\u00fcr Bergbaufolgelandschaften<\/li>\n<\/ul>\n","protected":false},"excerpt":{"rendered":"<p>Dieser Kalender ist ein ewiger Kalender f\u00fcr die Wand, er gilt Jahr f\u00fcr Jahr von neuem und l\u00e4\u00dft Sie garantiert auch jedes Jahr neue Details im jeweiligen Kalendermonat entdecken.<\/p>\n","protected":false},"featured_media":784,"comment_status":"open","ping_status":"closed","template":"","meta":[],"product_cat":[28,22],"product_tag":[],"class_list":{"0":"post-802","1":"product","2":"type-product","3":"status-publish","4":"has-post-thumbnail","6":"product_cat-kalender","7":"product_cat-saatgut","9":"first","10":"instock","11":"taxable","12":"shipping-taxable","13":"purchasable","14":"product-type-simple"},"jetpack_sharing_enabled":true,"_links":{"self":[{"href":"https:\/\/www.wiprechtsgarten.de\/index.php\/wp-json\/wp\/v2\/product\/802","targetHints":{"allow":["GET"]}}],"collection":[{"href":"https:\/\/www.wiprechtsgarten.de\/index.php\/wp-json\/wp\/v2\/product"}],"about":[{"href":"https:\/\/www.wiprechtsgarten.de\/index.php\/wp-json\/wp\/v2\/types\/product"}],"replies":[{"embeddable":true,"href":"https:\/\/www.wiprechtsgarten.de\/index.php\/wp-json\/wp\/v2\/comments?post=802"}],"wp:featuredmedia":[{"embeddable":true,"href":"https:\/\/www.wiprechtsgarten.de\/index.php\/wp-json\/wp\/v2\/media\/784"}],"wp:attachment":[{"href":"https:\/\/www.wiprechtsgarten.de\/index.php\/wp-json\/wp\/v2\/media?parent=802"}],"wp:term":[{"taxonomy":"product_cat","embeddable":true,"href":"https:\/\/www.wiprechtsgarten.de\/index.php\/wp-json\/wp\/v2\/product_cat?post=802"},{"taxonomy":"product_tag","embeddable":true,"href":"https:\/\/www.wiprechtsgarten.de\/index.php\/wp-json\/wp\/v2\/product_tag?post=802"}],"curies":[{"name":"wp","href":"https:\/\/api.w.org\/{rel}","templated":true}]}}