{"id":518,"date":"2023-06-02T13:57:59","date_gmt":"2023-06-02T13:57:59","guid":{"rendered":"https:\/\/www.wiprechtsgarten.de\/index.php\/produkt\/blumenmischung-gegen-drachen-oder-hexen-mit-ausfuehrlicher-beschreibung\/"},"modified":"2023-09-19T12:05:56","modified_gmt":"2023-09-19T12:05:56","slug":"blumenmischung-gegen-drachen-oder-hexen-mit-ausfuehrlicher-beschreibung","status":"publish","type":"product","link":"https:\/\/www.wiprechtsgarten.de\/index.php\/produkt\/blumenmischung-gegen-drachen-oder-hexen-mit-ausfuehrlicher-beschreibung\/","title":{"rendered":"Blumenmischung gegen Drachen oder Hexen mit ausf\u00fchrlicher Beschreibung"},"content":{"rendered":"<p>In den letzten Jahrhunderten kursierten im Leipziger Land viele Geschichten \u00fcber Drachen oder Hexen. Im Oktober 1657 wurde David Hecht aus Merkwitz vom Bauern Thomas H\u00f6hne vor dem Gericht der Universit\u00e4t Leipzig verklagt, weil letzterer behauptet habe, seine (H\u00f6hnes) Frau habe den Drachen. Dabei sollte man sich einen Drachen nicht vorstellen, wie ihn die christliche Mythologie rund um Georg den Drachent\u00f6ter vorstellt. Wie Drachen tats\u00e4chlich aussehen, wusste R. Weber, ein Augenzeuge aus Borna: \u201eDie letzten Takte der fr\u00f6hlichen Kirchweihmusik in der Hohendorfer Schenke waren verklungen. Langsam leerte sich der ger\u00e4umige Tanzboden, und heimw\u00e4rts str\u00f6mten Burschen und M\u00e4dchen. Drei biedere Freunde befanden sich bereits auf der H\u00f6he halben Weges nah Ramsdorf. Klar und ruhig war die Nacht, und im hellen Mondenschein erkannten sie von weitem schon die dunklen Umrisse ihres heimatlichen Dorfes. Da, mitten in \u00fcberm\u00fctigen Scherzworten, h\u00e4lt einer der Burschen pl\u00f6tzlich inne, bleibt mit seinen Gef\u00e4hrten wie angewurzelt stehen und zeigt mit erhobenem Arme geradeaus, indem er hastig in die Worte ausbricht: \u201eHabt ihr sie gesehen, die feurigen Funken aus der Feueresse dort? Ein ganzer Schwarm war\u2019s.\u201c \u201eWahrhaftig, jetzt hab\u2019 ich es mit eigenen Augen, erschaut! Das war bei der alten Neuberin, die hat den Drachen! Alle Leute wissen das, blo\u00df sagen darf man\u2019s nicht!\u201c, setzte ein anderer seiner Kameraden hinzu. Und eben schlug die altersschwache Kirchturmuhr in Ramsdorf eins. Weiter wandelnd ergingen sich die drei in allerlei Mutma\u00dfungen und erz\u00e4hlten, was sie im Dorfe von den Nachbarn des verrufenen Anwesens geh\u00f6rt hatten. Dort hauste seit Jahrhunderten schon eine Bauernfamilie, einfach, arbeitsam und sparsam von Kind auf in allen ihren Vorfahren und Nachkommen. Sie hatten die Wirtschaft hochgebracht und in schlechten Zeiten gehalten, selbst dann, als man den t\u00f6dlich verungl\u00fcckten Vater hinaustrug und die Frau und die alte Mutter das Regiment f\u00fchrten, weil die Kinder noch klein waren. Kein Wunder, wenn Neid und Missgunst im Dorfe erwachten und sich verstohlen breitmachten; denn der Aberglaube trieb noch in den 50er Jahren des vorigen Jahrhundert trotz Aufkl\u00e4rung in Schule und Zeitung seine wunderlichen Bl\u00fcten. Nach Jahrzehnten noch wurde die M\u00e4r vom Drachen zu Ramsdorf von Knechten und M\u00e4gden, die sie als Kinder einst schaudernd mit angeh\u00f6rt, in umliegende Orte getragen und noch manches hinzugef\u00fcgt. \u201eJa, die alte Neuberin hatte wirklich den Drachen!\u201c, erz\u00e4hlte eine alte Magd noch 30 Jahre sp\u00e4ter im Nachbardorf; \u201edenn als sie zum Liegen kam, konnte sie nicht sterben. Erst als man auf Gehei\u00df des klugen Hofsch\u00e4fers trockenen Pferded\u00fcnger unter ihr Kopfkissen legte, verschied sie. Und als man tags darauf im Keller eine kleine, verschlossene Eisent\u00fcr \u00f6ffnete, kam aus dem engen Gelass eine schwarze Henne heraus. Im Hofe h\u00fcpfte sie wie betrunken umher, angefeindet und verfolgt vom ganzen H\u00fchnervolke, bis sie durch dass Schlupfloch der Schuppent\u00fcr nach dem Garten auf Nimmerwiedersehen verschwand! Das war der Drache!\u201c<\/p>\n<h5>Samenbeutelinhalt<\/h5>\n<p>Gew\u00f6hnliche Schafgarbe, Kriechender G\u00fcnsel, Knoblauchsrauke, Buschwindr\u00f6schen, Engelwurz, Nesselbl\u00e4ttrige Glockenblume, Kornblume, Schwarze Flockenblume, Skabiosen- Flockenblume, Gold-K\u00e4lberkropf, Hecken-K\u00e4lberkropf, Sch\u00f6llkraut, Gew\u00f6hnlicher Wirbeldost, Wilde M\u00f6hre, Wasserdost, Wald-Erdbeere, Wald-Labkraut, Stinkender Storchschnabel, Echte Nelkenwurz,<\/p>\n<p>Wald- Habichtskraut, Wei\u00dfe Taubnessel, Fr\u00fchlings-Platterbse, Herzgespann, \u00c4hrige Teufelskralle, Gew\u00f6hnliche Braunelle, Knoten-Braunwurz, Rote Lichtnelke, Goldrute, Wald-Ziest, Gro\u00dfe Sternmiere, Gew\u00f6hnlicher Klettenkerbel, Echter Baldrian<\/p>\n","protected":false},"excerpt":{"rendered":"<p>Die Blumen- und Gr\u00e4sermischung ist gedacht f\u00fcr voll- bis teilschattige S\u00e4ume entlang von Hecken oder unter Baumgruppen, in wenig betretenen Bereichen von G\u00e4rten und Parks, evtl. auch an der Nordseite eines Geb\u00e4udes zwischen Einzelstr\u00e4uchern. Sie ist auch geeignet f\u00fcr trockene, n\u00e4hrstoff\u00e4rmere bis m\u00e4\u00dfig n\u00e4hrstoffreiche Standorte, sonst sollte man den Boden vor der Ansaat abmagern.<\/p>\n","protected":false},"featured_media":635,"comment_status":"open","ping_status":"closed","template":"","meta":[],"product_cat":[24,22,23],"product_tag":[],"class_list":{"0":"post-518","1":"product","2":"type-product","3":"status-publish","4":"has-post-thumbnail","6":"product_cat-haus-garten","7":"product_cat-saatgut","8":"product_cat-samenmischung-mit-ausfuehrlichem-samenblatt-10-seiten","10":"first","11":"instock","12":"taxable","13":"shipping-taxable","14":"purchasable","15":"product-type-simple"},"jetpack_sharing_enabled":true,"_links":{"self":[{"href":"https:\/\/www.wiprechtsgarten.de\/index.php\/wp-json\/wp\/v2\/product\/518","targetHints":{"allow":["GET"]}}],"collection":[{"href":"https:\/\/www.wiprechtsgarten.de\/index.php\/wp-json\/wp\/v2\/product"}],"about":[{"href":"https:\/\/www.wiprechtsgarten.de\/index.php\/wp-json\/wp\/v2\/types\/product"}],"replies":[{"embeddable":true,"href":"https:\/\/www.wiprechtsgarten.de\/index.php\/wp-json\/wp\/v2\/comments?post=518"}],"wp:featuredmedia":[{"embeddable":true,"href":"https:\/\/www.wiprechtsgarten.de\/index.php\/wp-json\/wp\/v2\/media\/635"}],"wp:attachment":[{"href":"https:\/\/www.wiprechtsgarten.de\/index.php\/wp-json\/wp\/v2\/media?parent=518"}],"wp:term":[{"taxonomy":"product_cat","embeddable":true,"href":"https:\/\/www.wiprechtsgarten.de\/index.php\/wp-json\/wp\/v2\/product_cat?post=518"},{"taxonomy":"product_tag","embeddable":true,"href":"https:\/\/www.wiprechtsgarten.de\/index.php\/wp-json\/wp\/v2\/product_tag?post=518"}],"curies":[{"name":"wp","href":"https:\/\/api.w.org\/{rel}","templated":true}]}}