{"id":883,"date":"2023-10-05T14:41:45","date_gmt":"2023-10-05T14:41:45","guid":{"rendered":"https:\/\/www.wiprechtsgarten.de\/?page_id=883"},"modified":"2023-10-05T14:41:49","modified_gmt":"2023-10-05T14:41:49","slug":"rote-lilie","status":"publish","type":"page","link":"https:\/\/www.wiprechtsgarten.de\/index.php\/pflanzenlisten\/zierpflanzen\/rote-lilie\/","title":{"rendered":"Rote Lilie"},"content":{"rendered":"\n<p><strong>Rote Lilie (Feuer-Lilie)<\/strong><\/p>\n\n\n\n<p>Die rote Lilie, auch bekannt als Feuer-Lilie, ist eine ausdauernde, krautige Pflanze, die Wuchsh\u00f6hen zwischen 20 und 90 Zentimetern erreicht, gelegentlich sogar bis zu 120 Zentimetern. Sie zeichnet sich durch ihre eif\u00f6rmige wei\u00dfe Zwiebel aus, deren Schuppen breit und spitz sind. Ab dem Fr\u00fchjahr entwickelt die Pflanze einen rot oder schwarz gefleckten, im oberen Bereich wollig behaarten, aufrechten St\u00e4ngel. Die wechselst\u00e4ndig angeordneten Bl\u00e4tter sind linealisch bis linealisch-lanzettlich und k\u00f6nnen bis zu 10 Zentimeter lang sein, wobei h\u00f6here Bl\u00e4tter k\u00fcrzer bleiben.<\/p>\n\n\n\n<figure class=\"wp-block-image alignleft size-full is-resized\"><img loading=\"lazy\" decoding=\"async\" src=\"https:\/\/www.wiprechtsgarten.de\/wp-content\/uploads\/2023\/10\/383px-Stamp_of_Albania_-_1968_-_Colnect_331496_-_Orange_Lily_Lilium_bulbiferum.jpeg\" alt=\"\" class=\"wp-image-885\" style=\"width:323px;height:405px\" width=\"323\" height=\"405\" srcset=\"https:\/\/www.wiprechtsgarten.de\/wp-content\/uploads\/2023\/10\/383px-Stamp_of_Albania_-_1968_-_Colnect_331496_-_Orange_Lily_Lilium_bulbiferum.jpeg 383w, https:\/\/www.wiprechtsgarten.de\/wp-content\/uploads\/2023\/10\/383px-Stamp_of_Albania_-_1968_-_Colnect_331496_-_Orange_Lily_Lilium_bulbiferum-239x300.jpeg 239w\" sizes=\"auto, (max-width: 323px) 100vw, 323px\" \/><\/figure>\n\n\n\n<p><strong>Bedeutung<\/strong><\/p>\n\n\n\n<p>Die rote Lilie ist eine Blumenart, die in der Blumensprache f\u00fcr Liebe und Leidenschaft steht. Anders als die wei\u00dfe Lilie, die Unschuld und Reinheit symbolisiert, dr\u00fccken rote Lilien tiefe romantische Gef\u00fchle aus. Sie sind beliebt bei Liebeserkl\u00e4rungen, romantischen Anl\u00e4ssen wie Valentinstag und Jubil\u00e4en sowie Hochzeiten. Das kr\u00e4ftige Rot symbolisiert die Intensit\u00e4t der Emotionen.<\/p>\n\n\n\n<p>Im Christentum steht die rote Lilie f\u00fcr die Liebe, Reinheit des Herzens und spirituelle Hingabe an Gott. Sie wird oft mit M\u00e4rtyrern und Heiligen in Verbindung gebracht, die ihre Liebe zu Gott zeigten.<\/p>\n\n\n\n<p>Die rote Lilie wird in der Heraldik als Symbol der Liebe, Leidenschaft und Tapferkeit verwendet. Sie kann in Wappen und Bannern als Zeichen der Liebe und Hingabe erscheinen.<\/p>\n\n\n\n<p>Die rote Lilie wird auch f\u00fcr ihre heilenden Eigenschaften gesch\u00e4tzt. In einigen Kulturen wird sie als Heilpflanze zur Linderung von Entz\u00fcndungen und Schmerzen verwendet.<\/p>\n\n\n\n<p>Die rote Lilie ist somit eine vielseitige Blume, die in verschiedenen Kontexten, von romantischen Botschaften bis zur Heraldik und Heilkunde, Bedeutung findet.<\/p>\n","protected":false},"excerpt":{"rendered":"<p>Rote Lilie (Feuer-Lilie) Die rote Lilie, auch bekannt als Feuer-Lilie, ist eine ausdauernde, krautige Pflanze, die Wuchsh\u00f6hen zwischen 20 und 90 Zentimetern erreicht, gelegentlich sogar bis zu 120 Zentimetern. Sie zeichnet sich durch ihre eif\u00f6rmige wei\u00dfe Zwiebel aus, deren Schuppen breit und spitz sind. Ab dem Fr\u00fchjahr entwickelt die Pflanze einen rot oder schwarz gefleckten, [&hellip;]<\/p>\n","protected":false},"author":1,"featured_media":0,"parent":14,"menu_order":0,"comment_status":"closed","ping_status":"closed","template":"","meta":{"footnotes":""},"class_list":["post-883","page","type-page","status-publish","hentry"],"jetpack_sharing_enabled":true,"_links":{"self":[{"href":"https:\/\/www.wiprechtsgarten.de\/index.php\/wp-json\/wp\/v2\/pages\/883","targetHints":{"allow":["GET"]}}],"collection":[{"href":"https:\/\/www.wiprechtsgarten.de\/index.php\/wp-json\/wp\/v2\/pages"}],"about":[{"href":"https:\/\/www.wiprechtsgarten.de\/index.php\/wp-json\/wp\/v2\/types\/page"}],"author":[{"embeddable":true,"href":"https:\/\/www.wiprechtsgarten.de\/index.php\/wp-json\/wp\/v2\/users\/1"}],"replies":[{"embeddable":true,"href":"https:\/\/www.wiprechtsgarten.de\/index.php\/wp-json\/wp\/v2\/comments?post=883"}],"version-history":[{"count":1,"href":"https:\/\/www.wiprechtsgarten.de\/index.php\/wp-json\/wp\/v2\/pages\/883\/revisions"}],"predecessor-version":[{"id":887,"href":"https:\/\/www.wiprechtsgarten.de\/index.php\/wp-json\/wp\/v2\/pages\/883\/revisions\/887"}],"up":[{"embeddable":true,"href":"https:\/\/www.wiprechtsgarten.de\/index.php\/wp-json\/wp\/v2\/pages\/14"}],"wp:attachment":[{"href":"https:\/\/www.wiprechtsgarten.de\/index.php\/wp-json\/wp\/v2\/media?parent=883"}],"curies":[{"name":"wp","href":"https:\/\/api.w.org\/{rel}","templated":true}]}}