{"id":47,"date":"2023-01-28T19:50:53","date_gmt":"2023-01-28T19:50:53","guid":{"rendered":"https:\/\/www.wiprechtsgarten.de\/?page_id=47"},"modified":"2023-01-30T17:57:32","modified_gmt":"2023-01-30T17:57:32","slug":"wildgehege-profen","status":"publish","type":"page","link":"https:\/\/www.wiprechtsgarten.de\/index.php\/teilnehmende-gaerten\/wildgehege-profen\/","title":{"rendered":"Wildgehege Profen"},"content":{"rendered":"\n<p>Tierg\u00e4rten sind seit sehr langer Zeit schon Gartenkultur am Hofe von K\u00f6nigen und Kaisern. Karl der Gro\u00dfe empfing seine G\u00e4ste in einem Baumgarten, in dem,  laut Rolandslied, auch jede Menge Tiere anzutreffen waren. <\/p>\n\n\n\n<pre class=\"wp-block-preformatted\">\"sie k\u00f6men zuo eineme boumgarten; ther was gezier\u00f6t hatte.\"\nSie kamen zu einem Baumgarten, den Tiere pr\u00e4chtig schm\u00fcckten.\n<\/pre>\n\n\n\n<p>Dabei ist ein Wildpark auch eine sehr interessante Art von Landschaftselement. Es besteht aus gro\u00dfen Fl\u00e4chen mit naturnahen Geh\u00f6lzen und ger\u00e4umigen Gehegen, in denen Dam-, Reh-, Rot- und Schwarzwild gehalten werden kann. Der Zweck des Parks ist es also nicht nur, den Tieren einen gesch\u00fctzten Lebensraum zu bieten, sondern auch die traditionelle Jagdkultur zu bewahren.<\/p>\n\n\n\n<figure class=\"wp-block-image size-full\"><img loading=\"lazy\" decoding=\"async\" width=\"1000\" height=\"667\" src=\"https:\/\/www.wiprechtsgarten.de\/wp-content\/uploads\/2023\/01\/Wildgehege.jpg\" alt=\"\" class=\"wp-image-86\" srcset=\"https:\/\/www.wiprechtsgarten.de\/wp-content\/uploads\/2023\/01\/Wildgehege.jpg 1000w, https:\/\/www.wiprechtsgarten.de\/wp-content\/uploads\/2023\/01\/Wildgehege-600x400.jpg 600w, https:\/\/www.wiprechtsgarten.de\/wp-content\/uploads\/2023\/01\/Wildgehege-300x200.jpg 300w, https:\/\/www.wiprechtsgarten.de\/wp-content\/uploads\/2023\/01\/Wildgehege-768x512.jpg 768w\" sizes=\"auto, (max-width: 1000px) 100vw, 1000px\" \/><figcaption class=\"wp-element-caption\">Foto: Olaf G\u00fcnther, mit freundlicher Genehmigung der Besitzerin<\/figcaption><\/figure>\n\n\n\n<p>Der Besuch eines solchen Wildparks kann f\u00fcr jeden Naturliebhaber ein unvergessliches Erlebnis sein: Man hat die M\u00f6glichkeit hautnah an Tiere heranzukommen und ihnen bei ihrem Alltag im Park zuzusehen \u2013 ob nun beim Grasfressen oder dem Spiel miteinander. Aufgrund verschiedener Tierarten gibt es stets etwas Neues zu entdecken und entsprechend viel Abwechslung beim Besuch!<\/p>\n\n\n\n<figure class=\"wp-block-image size-full\"><img loading=\"lazy\" decoding=\"async\" width=\"1000\" height=\"667\" src=\"https:\/\/www.wiprechtsgarten.de\/wp-content\/uploads\/2023\/01\/Wildgehege_2.jpg\" alt=\"\" class=\"wp-image-88\" srcset=\"https:\/\/www.wiprechtsgarten.de\/wp-content\/uploads\/2023\/01\/Wildgehege_2.jpg 1000w, https:\/\/www.wiprechtsgarten.de\/wp-content\/uploads\/2023\/01\/Wildgehege_2-600x400.jpg 600w, https:\/\/www.wiprechtsgarten.de\/wp-content\/uploads\/2023\/01\/Wildgehege_2-300x200.jpg 300w, https:\/\/www.wiprechtsgarten.de\/wp-content\/uploads\/2023\/01\/Wildgehege_2-768x512.jpg 768w\" sizes=\"auto, (max-width: 1000px) 100vw, 1000px\" \/><figcaption class=\"wp-element-caption\">Foto: Olaf G\u00fcnther, mit freundlicher Genehmigung der Besitzerin<\/figcaption><\/figure>\n","protected":false},"excerpt":{"rendered":"<p>Tierg\u00e4rten sind seit sehr langer Zeit schon Gartenkultur am Hofe von K\u00f6nigen und Kaisern. Karl der Gro\u00dfe empfing seine G\u00e4ste in einem Baumgarten, in dem, laut Rolandslied, auch jede Menge Tiere anzutreffen waren. &#8222;sie k\u00f6men zuo eineme boumgarten; ther was gezier\u00f6t hatte.&#8220; Sie kamen zu einem Baumgarten, den Tiere pr\u00e4chtig schm\u00fcckten. Dabei ist ein Wildpark [&hellip;]<\/p>\n","protected":false},"author":1,"featured_media":0,"parent":35,"menu_order":0,"comment_status":"closed","ping_status":"closed","template":"","meta":{"footnotes":""},"class_list":["post-47","page","type-page","status-publish","hentry"],"jetpack_sharing_enabled":true,"_links":{"self":[{"href":"https:\/\/www.wiprechtsgarten.de\/index.php\/wp-json\/wp\/v2\/pages\/47","targetHints":{"allow":["GET"]}}],"collection":[{"href":"https:\/\/www.wiprechtsgarten.de\/index.php\/wp-json\/wp\/v2\/pages"}],"about":[{"href":"https:\/\/www.wiprechtsgarten.de\/index.php\/wp-json\/wp\/v2\/types\/page"}],"author":[{"embeddable":true,"href":"https:\/\/www.wiprechtsgarten.de\/index.php\/wp-json\/wp\/v2\/users\/1"}],"replies":[{"embeddable":true,"href":"https:\/\/www.wiprechtsgarten.de\/index.php\/wp-json\/wp\/v2\/comments?post=47"}],"version-history":[{"count":3,"href":"https:\/\/www.wiprechtsgarten.de\/index.php\/wp-json\/wp\/v2\/pages\/47\/revisions"}],"predecessor-version":[{"id":89,"href":"https:\/\/www.wiprechtsgarten.de\/index.php\/wp-json\/wp\/v2\/pages\/47\/revisions\/89"}],"up":[{"embeddable":true,"href":"https:\/\/www.wiprechtsgarten.de\/index.php\/wp-json\/wp\/v2\/pages\/35"}],"wp:attachment":[{"href":"https:\/\/www.wiprechtsgarten.de\/index.php\/wp-json\/wp\/v2\/media?parent=47"}],"curies":[{"name":"wp","href":"https:\/\/api.w.org\/{rel}","templated":true}]}}