{"id":12,"date":"2023-01-27T13:03:29","date_gmt":"2023-01-27T13:03:29","guid":{"rendered":"https:\/\/www.wiprechtsgarten.de\/?page_id=12"},"modified":"2023-02-06T10:39:42","modified_gmt":"2023-02-06T10:39:42","slug":"pflanzenlisten","status":"publish","type":"page","link":"https:\/\/www.wiprechtsgarten.de\/index.php\/pflanzenlisten\/","title":{"rendered":"Pflanzenlisten"},"content":{"rendered":"\n<p>Pflanzenlisten sind f\u00fcr das Mittelalter extrem schwer zu ermitteln. Es gibt zwar die drei wichtigen Schriftquellen wie die Kapitularien Karls des Gro\u00dfen, die St. Gallener Klostergartenbeschreibung von Walafrid Strabo,den K\u00f6lner Stadtgarten von Albertus Magnus oder die Kr\u00e4uterlisten von Hildegard von Bingen aber diese Quellen reichen nicht aus, um eine gesicherte Pflanzenliste  aus der Zeit des 12. Jahrhundert zu erhalten. Pflanzversuche nach Anleitungen aus dem Mittelalter sind h\u00e4ufig heute schwer nachzuvollziehen, wie Ulrich Willerding an der Burg Plesse im Feldversuch nachweisen konnte. <sup class=\"modern-footnotes-footnote \" data-mfn=\"1\" data-mfn-post-scope=\"0000000034a1d35e000000005c373985_12\"><a href=\"javascript:void(0)\"  role=\"button\" aria-pressed=\"false\" aria-describedby=\"mfn-content-0000000034a1d35e000000005c373985_12-1\">1<\/a><\/sup><span id=\"mfn-content-0000000034a1d35e000000005c373985_12-1\" role=\"tooltip\" class=\"modern-footnotes-footnote__note\" tabindex=\"0\" data-mfn=\"1\"><a href=\"https:\/\/www.plesseverein.de\/projekte\/der-burggarten\/\">https:\/\/www.plesseverein.de\/projekte\/der-burggarten\/<\/a><\/span><\/p>\n\n\n\n<p>In seinem Artikel <em>G\u00e4rten und Pflanzen des Mittelalters<\/em> bei Maureen Carrol-Spillecke: Der Garten von der Antike bis zum Mittelalter. Mainz 1992 beschreibt von Ulrich Willerding als Gartenarch\u00e4ologe die Probleme der Gartenrekonstruktionen. Haupts\u00e4chliches Problem stellen die \u00dcberreste dar. W\u00e4hrend Getreide leicht verkohlt und dadurch der Nachwelt leicht erkennbar zur Verf\u00fcgung steht, tun das viele andere Weichteile von Gartenpflanzen nicht. Ulrich Willerding sei dank, das er uns solche Pflanzenlisten zusammen gestellt hat.<\/p>\n\n\n\n<figure class=\"wp-block-embed is-type-wp-embed is-provider-gartnern-wie-zu-wiprechts-zeiten wp-block-embed-gartnern-wie-zu-wiprechts-zeiten\"><div class=\"wp-block-embed__wrapper\">\n<blockquote class=\"wp-embedded-content\" data-secret=\"8sWVqrT77H\"><a href=\"https:\/\/www.wiprechtsgarten.de\/index.php\/pflanzenlisten\/gemuese\/\">Gem\u00fcse<\/a><\/blockquote><iframe loading=\"lazy\" class=\"wp-embedded-content\" sandbox=\"allow-scripts\" security=\"restricted\" style=\"position: absolute; clip: rect(1px, 1px, 1px, 1px);\" title=\"&#8222;Gem\u00fcse&#8220; &#8212; G\u00e4rtnern wie zu Wiprechts Zeiten\" src=\"https:\/\/www.wiprechtsgarten.de\/index.php\/pflanzenlisten\/gemuese\/embed\/#?secret=50W21kak2I#?secret=8sWVqrT77H\" data-secret=\"8sWVqrT77H\" width=\"500\" height=\"282\" frameborder=\"0\" marginwidth=\"0\" marginheight=\"0\" scrolling=\"no\"><\/iframe>\n<\/div><\/figure>\n\n\n\n<figure class=\"wp-block-embed is-type-wp-embed is-provider-gartnern-wie-zu-wiprechts-zeiten wp-block-embed-gartnern-wie-zu-wiprechts-zeiten\"><div class=\"wp-block-embed__wrapper\">\n<blockquote class=\"wp-embedded-content\" data-secret=\"gv9vN8FBnT\"><a href=\"https:\/\/www.wiprechtsgarten.de\/index.php\/pflanzenlisten\/obst\/\">Obst<\/a><\/blockquote><iframe loading=\"lazy\" class=\"wp-embedded-content\" sandbox=\"allow-scripts\" security=\"restricted\" style=\"position: absolute; clip: rect(1px, 1px, 1px, 1px);\" title=\"&#8222;Obst&#8220; &#8212; G\u00e4rtnern wie zu Wiprechts Zeiten\" src=\"https:\/\/www.wiprechtsgarten.de\/index.php\/pflanzenlisten\/obst\/embed\/#?secret=WKGXoedmJE#?secret=gv9vN8FBnT\" data-secret=\"gv9vN8FBnT\" width=\"500\" height=\"282\" frameborder=\"0\" marginwidth=\"0\" marginheight=\"0\" scrolling=\"no\"><\/iframe>\n<\/div><\/figure>\n\n\n\n<figure class=\"wp-block-embed is-type-wp-embed is-provider-gartnern-wie-zu-wiprechts-zeiten wp-block-embed-gartnern-wie-zu-wiprechts-zeiten\"><div class=\"wp-block-embed__wrapper\">\n<blockquote class=\"wp-embedded-content\" data-secret=\"RA6yGgowi0\"><a href=\"https:\/\/www.wiprechtsgarten.de\/index.php\/pflanzenlisten\/gewuerzpflanzen\/\">Gew\u00fcrzpflanzen<\/a><\/blockquote><iframe loading=\"lazy\" class=\"wp-embedded-content\" sandbox=\"allow-scripts\" security=\"restricted\" style=\"position: absolute; clip: rect(1px, 1px, 1px, 1px);\" title=\"&#8222;Gew\u00fcrzpflanzen&#8220; &#8212; G\u00e4rtnern wie zu Wiprechts Zeiten\" src=\"https:\/\/www.wiprechtsgarten.de\/index.php\/pflanzenlisten\/gewuerzpflanzen\/embed\/#?secret=QzR2mew267#?secret=RA6yGgowi0\" data-secret=\"RA6yGgowi0\" width=\"500\" height=\"282\" frameborder=\"0\" marginwidth=\"0\" marginheight=\"0\" scrolling=\"no\"><\/iframe>\n<\/div><\/figure>\n\n\n\n<a class=\"wp-block-hyperlink-group\"><div class=\"wp-block-tiptip-hyperlink-group-block\">\n<a class=\"wp-block-hyperlink-group\"><div class=\"wp-block-tiptip-hyperlink-group-block\">\n<figure class=\"wp-block-embed is-type-wp-embed is-provider-gartnern-wie-zu-wiprechts-zeiten wp-block-embed-gartnern-wie-zu-wiprechts-zeiten\"><div class=\"wp-block-embed__wrapper\">\n<blockquote class=\"wp-embedded-content\" data-secret=\"GMltPai5YN\"><a href=\"https:\/\/www.wiprechtsgarten.de\/index.php\/pflanzenlisten\/zierpflanzen\/\">Zierpflanzen<\/a><\/blockquote><iframe loading=\"lazy\" class=\"wp-embedded-content\" sandbox=\"allow-scripts\" security=\"restricted\" style=\"position: absolute; clip: rect(1px, 1px, 1px, 1px);\" title=\"&#8222;Zierpflanzen&#8220; &#8212; G\u00e4rtnern wie zu Wiprechts Zeiten\" src=\"https:\/\/www.wiprechtsgarten.de\/index.php\/pflanzenlisten\/zierpflanzen\/embed\/#?secret=QHxaG80ECG#?secret=GMltPai5YN\" data-secret=\"GMltPai5YN\" width=\"500\" height=\"282\" frameborder=\"0\" marginwidth=\"0\" marginheight=\"0\" scrolling=\"no\"><\/iframe>\n<\/div><\/figure>\n<\/div><\/a>\n<\/div><\/a>\n","protected":false},"excerpt":{"rendered":"<p>Pflanzenlisten sind f\u00fcr das Mittelalter extrem schwer zu ermitteln. Es gibt zwar die drei wichtigen Schriftquellen wie die Kapitularien Karls des Gro\u00dfen, die St. Gallener Klostergartenbeschreibung von Walafrid Strabo,den K\u00f6lner Stadtgarten von Albertus Magnus oder die Kr\u00e4uterlisten von Hildegard von Bingen aber diese Quellen reichen nicht aus, um eine gesicherte Pflanzenliste aus der Zeit des [&hellip;]<\/p>\n","protected":false},"author":1,"featured_media":0,"parent":0,"menu_order":0,"comment_status":"closed","ping_status":"closed","template":"","meta":{"footnotes":""},"class_list":["post-12","page","type-page","status-publish","hentry"],"jetpack_sharing_enabled":true,"_links":{"self":[{"href":"https:\/\/www.wiprechtsgarten.de\/index.php\/wp-json\/wp\/v2\/pages\/12","targetHints":{"allow":["GET"]}}],"collection":[{"href":"https:\/\/www.wiprechtsgarten.de\/index.php\/wp-json\/wp\/v2\/pages"}],"about":[{"href":"https:\/\/www.wiprechtsgarten.de\/index.php\/wp-json\/wp\/v2\/types\/page"}],"author":[{"embeddable":true,"href":"https:\/\/www.wiprechtsgarten.de\/index.php\/wp-json\/wp\/v2\/users\/1"}],"replies":[{"embeddable":true,"href":"https:\/\/www.wiprechtsgarten.de\/index.php\/wp-json\/wp\/v2\/comments?post=12"}],"version-history":[{"count":4,"href":"https:\/\/www.wiprechtsgarten.de\/index.php\/wp-json\/wp\/v2\/pages\/12\/revisions"}],"predecessor-version":[{"id":109,"href":"https:\/\/www.wiprechtsgarten.de\/index.php\/wp-json\/wp\/v2\/pages\/12\/revisions\/109"}],"wp:attachment":[{"href":"https:\/\/www.wiprechtsgarten.de\/index.php\/wp-json\/wp\/v2\/media?parent=12"}],"curies":[{"name":"wp","href":"https:\/\/api.w.org\/{rel}","templated":true}]}}